mmon factor of 115 and 2645.
115
Calculate the greatest common divisor of 756 and 216.
108
What is the highest common divisor of 1025 and 123?
41
What is the highest common factor of 30 and 1686?
6
Calculate the highest common divisor of 28 and 574.
14
Calculate the highest common divisor of 870 and 15.
15
Calculate the greatest common factor of 2599 and 791.
113
Calculate the greatest common divisor of 17 and 5.
1
Calculate the highest common divisor of 110 and 495.
55
What is the highest common factor of 8320 and 104?
104
What is the greatest common factor of 216 and 59832?
216
Calculate the greatest common divisor of 812 and 348.
116
What is the highest common divisor of 24 and 5460?
12
Calculate the highest common factor of 21 and 77.
7
What is the greatest common factor of 588 and 108?
12
What is the highest common factor of 75 and 315?
15
Calculate the greatest common factor of 70 and 10.
10
What is the greatest common divisor of 868 and 84?
28
What is the greatest common divisor of 122 and 3538?
122
Calculate the greatest common divisor of 28 and 28.
28
What is the greatest common divisor of 34 and 544?
34
What is the greatest common divisor of 4 and 196?
4
What is the greatest common factor of 174 and 3422?
58
What is the greatest common factor of 21894 and 801?
267
What is the highest common divisor of 585 and 65?
65
Calculate the greatest common divisor of 108 and 192.
12
What is the greatest common factor of 42220 and 20?
20
Calculate the highest common factor of 168 and 11298.
42
Calculate the greatest common factor of 315 and 126.
63
What is the greatest common factor of 51 and 1972?
17
What is the greatest common divisor of 209 and 44?
11
Calculate the highest common factor of 4025 and 15.
5
Calculate the greatest common factor of 147 and 2625.
21
Calculate the greatest common divisor of 60 and 2760.
60
What is the highest common divisor of 1 and 13?
1
Calculate the highest common factor of 308 and 693.
77
What is the highest common divisor of 33 and 318?
3
Calculate the greatest common divisor of 404 and 4.
4
What is the greatest common factor of 95 and 608?
19
Calculate the greatest common divisor of 70 and 1120.
70
Calculate the greatest common factor of 485 and 20.
5
What is the greatest common factor of 23 and 299?
23
Calculate the highest common divisor of 498 and 18.
6
What is the highest common divisor of 13 and 39?
13
What is the greatest common factor of 714 and 168?
42
What is the greatest common factor of 25 and 775?
25
What is the highest common factor of 37 and 18093?
37
Calculate the highest common divisor of 9070 and 20.
10
Calculate the highest common divisor of 2684 and 2562.
122
What is the highest common divisor of 783 and 116?
29
Calculate the greatest common factor of 184 and 23.
23
Calculate the greatest common factor of 1647 and 183.
183
What is the greatest common divisor of 1212 and 505?
101
Calculate the highest common factor of 1937 and 13.
13
Calculate the greatest common divisor of 76 and 31996.
76
What is the greatest common factor of 1101 and 3?
3
Calculate the highest common factor of 1940 and 480.
20
Calculate the greatest common divisor of 15 and 465.
15
Calculate the highest common divisor of 137 and 685.
137
What is the highest common factor of 752 and 470?
94
What is the highest common factor of 992 and 1364?
124
What is the highest common divisor of 256 and 104?
8
Calculate the greatest common divisor of 62 and 31.
31
What is the highest common factor of 161 and 17549?
161
What is the highest common divisor of 6720 and 15?
15
What is the highest common factor of 1944 and 88?
8
Calculate the highest common factor of 552 and 23.
23
What is the greatest common divisor of 430 and 70?
10
What is the highest common factor of 400 and 7440?
80
Calculate the greatest common factor of 14 and 1078.
14
Calculate the highest common divisor of 16 and 592.
16
What is the highest common divisor of 28534 and 44?
22
Calculate the highest common factor of 962 and 52.
26
What is the highest common factor of 738 and 4551?
123
What is the highest common factor of 143 and 91?
13
Calculate the greatest common divisor of 858 and 1122.
66
What is the highest common divisor of 247 and 26?
13
Calculate the highest common divisor of 70 and 26530.
70
Calculate the greatest common divisor of 690 and 120.
30
What is the highest common factor of 660 and 451?
11
What is the greatest common divisor of 119 and 7973?
119
What is the greatest common factor of 3757 and 91?
13
What is the highest common divisor of 1419 and 258?
129
Calculate the highest common factor of 36 and 9.
9
What is the greatest common factor of 34251 and 147?
147
Calculate the greatest common factor of 47 and 235.
47
Calculate the greatest common divisor of 342 and 18.
18
What is the highest common divisor of 15538 and 34?
34
What is the highest common factor of 4150 and 25?
25
Calculate the greatest common divisor of 18 and 882.
18
Calculate the greatest common factor of 2911 and 164.
41
What is the highest common factor of 276 and 5980?
92
What is the greatest common divisor of 33 and 88?
11
What is the highest common divisor of 54 and 15?
3
What is the highest common factor of 203 and 58?
29
Calculate the greatest common divisor of 14872 and 44.
44
Calculate the highest common divisor of 48 and 32.
16
What is the highest common factor of 288 and 6?
6
Calculate the highest common divisor of 136 and 10047.
17
What is the highest common factor of 3 and 269?
1
What is the highest common divisor of 2745 and 45?
45
What is the greatest common factor of 2850 and 114?
114
Calculate the highest common divisor of 26850 and 150.
150
Calculate the greatest common factor of 38 and 247.
19
What is the greatest common factor of 104 and 130?
26
Calculate the greatest common divisor of 44930 and 20.
10
Calculate the highest common factor of 1008 and 144.
144
What is the highest common divisor of 148 and 4958?
74
Calculate the greatest common factor of 40 and 146.
2
Calculate the highest common factor of 6784 and 583.
53
Calculate the highest common divisor of 21 and 1239.
21
What is the highest common divisor of 210 and 435?
15
Calculate the greatest common divisor of 14892 and 187.
17
Calculate the highest common factor of 497 and 49.
7
Calculate the greatest common factor of 32 and 2.
2
Calculate the highest common divisor of 3 and 381.
3
Calculate the greatest common factor of 391 and 115.
23
What is the greatest common divisor of 4 and 1048?
4
What is the highest common factor of 30900 and 12?
12
What is the greatest common factor of 70 and 8470?
70
What is the highest common divisor of 3486 and 42?
42
Calculate the highest common divisor of 3949 and 33.
11
What is the highest common factor of 322 and 140?
14
What is the greatest common divisor of 28 and 28?
28
What is the greatest common divisor of 320 and 60?
20
What is the greatest common divisor of 1806 and 516?
258
Calculate the highest common factor of 120 and 8080.
40
What is the greatest common factor of 324 and 36?
36
Calculate the highest common divisor of 66 and 99.
33
What is the highest common factor of 160 and 20?
20
Calculate the highest common factor of 8 and 108.
4
What is the highest common factor of 630 and 140?
70
Calculate the greatest common factor of 15 and 105.
15
What is the highest common factor of 4279 and 88?
11
Calculate the highest common divisor of 12584 and 104.
104
What is the greatest common factor of 12832 and 224?
32
What is the highest common factor of 2538 and 188?
94
What is the greatest common factor of 22 and 242?
22
What is the highest common divisor of 273 and 105?
21
What is the greatest common divisor of 931 and 19?
19
Calculate the greatest common divisor of 30407 and 13.
13
Calculate the greatest common divisor of 180 and 108.
36
Calculate the greatest common factor of 1 and 71.
1
Calculate the highest common divisor of 5131 and 7.
7
What is the greatest common factor of 253 and 207?
23
Calculate the greatest common divisor of 91 and 221.
13
Calculate the highest common divisor of 1653 and 114.
57
Calculate the highest common factor of 48 and 1284.
12
What is the greatest common factor of 54 and 192?
6
What is the highest common factor of 64 and 256?
64
What is the